prime factors of v(-10)?
4211
Let c be ((-5)/(-15))/((-1)/159). Let z = c + 59. Suppose -z*s + 12 = -12. List the prime factors of s.
2
Suppose 4*b = -9*n + 298, -7*b + 150 = -5*b + 5*n. Suppose 2*h - 16 = 2*g, 5*g + 5 + 7 = h. Suppose -b = -h*k + 322. List the prime factors of k.
2, 7
Let w be (-15188)/20 - 3/5. Let d = w - -1074. List the prime factors of d.
2, 157
Let x(v) be the third derivative of v**6/120 - 11*v**5/15 - 13*v**4/12 - 3*v**3 + 154*v**2. List the prime factors of x(45).
3, 31
Let m be -4 + 0 - -591 - 0. Let u = m - 328. What are the prime factors of u?
7, 37
Let f = -26958 - -44536. What are the prime factors of f?
2, 11, 17, 47
Let c(w) = w**3 - 13*w**2 - 19*w + 11. Let v be 3/(-27)*1*-15*9. What are the prime factors of c(v)?
2, 11
Let m(i) = 9*i**3 + 6*i**2 + 10*i + 8. Let d be m(-4). Let n = 864 + d. Suppose -3*u = u - n. List the prime factors of u.
2, 11
What are the prime factors of 940*7 - (1 - (-2 - -3))?
2, 5, 7, 47
Let c = -11436 + 40637. List the prime factors of c.
29201
Suppose -2*d + 152 = -4*h, -218 = 2*d - 5*d - 4*h. Suppose 27*i = d + 11455. What are the prime factors of i?
7, 61
Let n(g) = 11*g**2 + 4*g - 1. Let l be n(4). Let x = 39 - l. Let v = x - -342. List the prime factors of v.
2, 5, 19
Let f = 8659 - 3690. What are the prime factors of f?
4969
Let z(w) = -5*w + 5. Let k be z(-2). Suppose -4384 = -k*d + 19*d. What are the prime factors of 20/(-35) - d/7?
2, 3, 13
Suppose 5*t - j - 9171 = j, 2*t - 3662 = 4*j. Let b = -1267 + t. List the prime factors of b.
2, 71
Suppose -b + 4*z + 44 = 0, 3*b - 59 - 13 = -3*z. Let o(m) = 22 + b*m - 16 - 15. What are the prime factors of o(4)?
103
Suppose -7*j + 6*j - 5 = 0, g + 3*j - 17 = 0. Let k = 180 + g. List the prime factors of k.
2, 53
Let u be (-1)/((-1)/(-8)*-1). List the prime factors of (-9 + 833/7)*u.
2, 5, 11
Suppose -h = 2*f - 2*h + 7, -f + 5*h + 19 = 0. Let x be (9/(-3))/(f/(-4)) + 17. Let i = x + 66. List the prime factors of i.
3
Let r be 934 + (-2)/((0 + 1)*2). Let s = 1556 - r. List the prime factors of s.
7, 89
Let w be 3100/12 - 1/3. Let h = w - -24. List the prime factors of h.
2, 3, 47
Let m(b) = -135 + 45 + 49 + 46 + 51*b. What are the prime factors of m(11)?
2, 283
List the prime factors of (-2)/(1290453/117317 - 11).
67, 103
List the prime factors of (-396192)/(-20) - (5 + 22/(-5)).
3, 31, 71
Suppose -43*o = -21*o - 220. What are the prime factors of 3/(-15) - (-11022)/o?
2, 19, 29
Let d = 13958 - 11562. List the prime factors of d.
2, 599
Let i(p) = p**2 + 17*p + 38. Let n be i(-16). Let l be 4/10 + 788/5. Let g = l + n. What are the prime factors of g?
2, 3, 5
Let w = 4386 + -18. List the prime factors of w.
2, 3, 7, 13
Suppose -4*i = -p - 98527, -14*i + 24679 = -13*i + 5*p. List the prime factors of i.
2, 109, 113
Suppose 0 = 19*l + 92 + 22. What are the prime factors of -234*(11/l - (-11)/33)?
3, 13
Let m(r) = 16*r + 176*r**2 + 8 + r**3 - 83*r**2 - 90*r**2. List the prime factors of m(6).
2, 107
Let s = 115 + -115. Suppose 3*b - 4*z - 2242 - 134 = s, -3*b = z - 2361. List the prime factors of b.
2, 197
Let k be -3 + (-14)/(8/(-4)). Suppose 0 = -2*i + k*n - n + 344, i - 154 = -3*n. List the prime factors of i.
2, 83
Let t be 6 - (24/72)/(2/(-6)). Let m = 1399 - 943. Suppose 0 = s + t*s - m. List the prime factors of s.
3, 19
What are the prime factors of 4*(-9)/3 - -11980?
2, 11, 17
Suppose -7*n + 130 + 3048 = 0. Let o = n + 696. List the prime factors of o.
2, 5, 23
Let k = 189 - 182. Suppose 0 = -k*r + 3*r + 1144. List the prime factors of r.
2, 11, 13
Suppose 278653 = 8*r + 11*r - 261688. List the prime factors of r.
28439
Let h(q) = q**3 + 15*q**2 - 8*q - 5. Let w be (-9)/(-6)*6/3. Let v be 60/(-16)*3*4/w. List the prime factors of h(v).
5, 23
Suppose -16 = -4*t + 8. Suppose 35 = t*l + 5. Suppose l*w = -495 + 1340. What are the prime factors of w?
13
Suppose 43*d - 157*d + 1086534 = 0. List the prime factors of d.
3, 353
Let f = -56 + -65. Suppose 0 = 4*k + 157 + 231. Let c = k - f. List the prime factors of c.
2, 3
Let u(i) = -4*i**3 - 43*i**2 - 40*i + 1. Let a(g) = 5*g**3 + 44*g**2 + 46*g - 2. Let j(r) = -5*a(r) - 6*u(r). List the prime factors of j(38).
2, 3
Let x(w) = -w**2 + 2*w - 3. Let n be x(7). Suppose v - 178 = 4*i, -2*v + 34 = 38. Let c = n - i. What are the prime factors of c?
7
Suppose 6*n = 11*n - 35. Let x(c) = -5 + n*c - 23*c - 21*c - c. List the prime factors of x(-3).
109
Let s(n) = -7*n**3 - 4*n**2 - 4*n - 1. Let d be s(-1). Suppose 0 = -d*h - 608 + 194. Let p = h + 178. List the prime factors of p.
109
Let r(v) = 2*v**2 + 130*v + 65095. What are the prime factors of r(0)?
5, 47, 277
Let j(n) = 105*n - 16. Let w = 14 + -11. What are the prime factors of j(w)?
13, 23
Suppose -i = 5*i - 24. Suppose o = i*o - 1212. Suppose -178 = -6*w + o. List the prime factors of w.
97
Suppose 0 = 5*y + 3*k - 38, -4*k + 4 = -5*k. Suppose x - 101 + y = 0. List the prime factors of x.
7, 13
Let q(a) = -a**3 + a + 10. Let w be q(-3). Suppose -w - 26 = -5*z. Suppose -139 = -z*c + 11*c. What are the prime factors of c?
139
Let n(y) = -4*y**3 + 53*y**2 + 23*y + 14. Let t be n(13). Suppose -2*d = -t - 886. List the prime factors of d.
2, 3, 19
Let h(c) = -20*c**3 - c. Let r be h(1). Let z be -4 + (-32)/18 + (-12)/54. What are the prime factors of 232/28 - z/r?
2
Suppose 267*a - 271*a = -21628. What are the prime factors of a?
5407
Let t = 14292 + -2063. List the prime factors of t.
7, 1747
Let l(g) = 5*g - g + 173 + 0*g + 418 + 9*g. What are the prime factors of l(0)?
3, 197
Let a(c) be the third derivative of c**5/30 - 5*c**4/8 - c**3/3 + 8*c**2 - 7. What are the prime factors of a(-14)?
2, 3, 5
Let k(g) = -3*g**3 - 12*g**2 - 11*g + 6. Let u(h) = h**3 - h**2 + h. Let q(j) = -k(j) - 2*u(j). Let d = -62 - -49. List the prime factors of q(d).
2, 23
Let f(y) = -21*y**2 + 7*y - 7. Let g(w) = -7*w**2 + 2*w - 2. Let i(z) = -4*f(z) + 11*g(z). List the prime factors of i(3).
3, 17
Suppose -315*l = -316*l + 4, -5*m - 3*l = -68652. List the prime factors of m.
2, 3, 11, 13
Suppose 97*q = 83*q + 56. Suppose -q*f - 3*r + 265 = 0, 7*f - 5*f - 133 = -r. List the prime factors of f.
67
Let l(y) = 29*y**2 - 25*y - 414. List the prime factors of l(17).
2, 3, 419
Suppose 128*w + 867311 = 1081565 + 1176850. List the prime factors of w.
2, 11, 13, 19
Suppose -289698 = 149*h - 2746559. List the prime factors of h.
11, 1499
Let g(z) = 125*z + 3092. What are the prime factors of g(13)?
53, 89
Let i = 16458 - 6891. List the prime factors of i.
3, 1063
Let x be 0*(12/2 + (-77)/14). Suppose 5*g = 5*m + 9410, x*m - 3764 = -2*g + 3*m. What are the prime factors of g?
2, 941
Let n be (-2 - -3)*(-3 + 6) - 3. Suppose -b = -7 + 4. Suppose b*y - v - v - 61 = 0, n = -y - 5*v + 9. What are the prime factors of y?
19
Let i = 6906 - 11346. What are the prime factors of -7 - 29/(116/i)?
1103
Let j(i) = 164*i**2 - 21*i - 154. List the prime factors of j(-11).
11, 1811
Let q = 186 + -103. Let w be (4 - -5 - 160/15)/(10/(-84)). Let j = w + q. What are the prime factors of j?
97
Let f(g) be the first derivative of g**3 - 5/2*g**2 + 8*g + 11. What are the prime factors of f(-5)?
2, 3
Let c(v) = 56*v - 8. Let t be c(-12). Let l = 1141 + t. List the prime factors of l.
461
Let v = -4 + 6. Suppose 3*g - v*g + 3*h = 323, 0 = -2*g - 3*h + 631. List the prime factors of g.
2, 7, 11
Suppose -26*c + 21*c + 28559 = 4*k, -5*c + 5*k + 28505 = 0. List the prime factors of c.
13, 439
Let w = 83 - -322. List the prime factors of w.
3, 5
Suppose -144428 - 24829 = -26*y + 122229. What are the prime factors of y?
3, 37, 101
Let f = 1467 + -427. Let o = 1863 - f. What are the prime factors of o?
823
Let d(l) = -4*l + 21. Suppose 0*a + 238 = -7*a. Let w = -34 - a. What are the prime factors of d(w)?
3, 7
Suppose 0*s - 114 = s. Let z = 819 + -817. List the prime factors of z/4 - s/4.
29
Let h = -2533 + 1087. Let x = 2147 + h. List the prime factors of x.
701
Suppose -2*r + 236 + 305 = -l, 0 = -4*l + 12. Suppose 3*i + 319 + 205 = d, i - 5*d + 170 = 0. Let u = r + i. List the prime factors of u.
97
Let c(x) = 3341*x**2 - 5*x + 30. What are the prime factors of c(-4)?
2, 31, 863
Suppose -4*v - 29 + 49 = 0, -6602 = -o - 3*v. What are the prime factors of o?
7, 941
Let u = -747 + 350. Let p = u + 826.